at is the tens digit of ((-284)/20 - -1)*p?
6
Let v be (-1)/(1/2) + 10. Suppose -v*t + 6 = -3*t + p, -3*p = -3*t. What is the units digit of t?
1
Suppose -4*b + 2*t + 1580 = 6*t, b + 4*t = 401. What is the tens digit of b?
9
Let r be 3/(6/(-2)) + 1. Suppose a + 6 = 2*l, 0 = -r*l + 3*l - a - 9. Suppose -4*h + 117 = -8*n + 3*n, 3*n = l*h - 87. What is the tens digit of h?
2
Let z be 1/(5 - 2 - 2). Let w be z*16 + 8/(-4). Suppose 18*g - w*g = 80. What is the tens digit of g?
2
Let l(x) = x**3 + 6*x**2 + 4*x - 3. Let s be l(-5). Suppose -190 = -s*h + 2*j, -5*h + 494 - 69 = 5*j. What is the units digit of h?
0
Let f(x) = -x**3 - 7*x**2 - 13*x - 28. What is the hundreds digit of f(-8)?
1
What is the hundreds digit of (3 - -5)*-151*(-3)/4?
9
Suppose -62*i - 9*i = -87117. What is the units digit of i?
7
Suppose 34*a - 18*a = 6352. What is the hundreds digit of a?
3
Let f be 2 - (-6*1)/(-3). Suppose -q = -f*q + 2. Let p(t) = 7*t**2 + 3*t + 5. What is the tens digit of p(q)?
2
Let h(n) = 439*n + 262. What is the units digit of h(4)?
8
Let g = 29 - 6. Let k = g + -17. What is the units digit of k?
6
Let g be 78/9 + (-1)/(-3). Suppose -5*y = f - g, 0 = -f - 2*y - y + 1. Let i = -1 - f. What is the tens digit of i?
1
Let t(q) = -7*q - 5. Let o be t(-1). Suppose -o*i = -5*u + 119, -3*i - 4 = 2. What is the tens digit of u?
2
Let d be -8*1*(-309)/30*5. Suppose 24*j = 22*j + d. What is the hundreds digit of j?
2
Suppose -34*l + 1700 = -2652. What is the tens digit of l?
2
Let k = -1 - -5. Let d be (5 - 4) + (6 - -1). Suppose -2*c + d = -k*r, 0*c = -2*c + r + 14. What is the units digit of c?
8
Suppose -5*l = 3*b - 4246, -13*b + 14*b - 3*l - 1434 = 0. What is the hundreds digit of b?
4
Let j(d) = d**3 + 2*d**2 - 2*d - 1. Let t be j(-2). Suppose -2*h - 24 = v + t*h, 5*v + 74 = -2*h. Let a = 30 + v. What is the units digit of a?
6
Suppose -3*g = -2*n + 151, 2*n + g - 3*g - 146 = 0. What is the units digit of n?
8
Suppose 211 - 898 = -3*o + 3*w, 4*w + 1148 = 5*o. Suppose -o = -3*x + 5. What is the tens digit of x?
7
What is the tens digit of (-109 + -5 + 19)*22/(-5)?
1
Suppose 0 = 5*n + 25, 0 = 4*z + 17*n - 14*n - 3321. What is the tens digit of z?
3
Let t(g) = -g**3 - 5*g**2 + 6*g + 8. Let i be ((-9)/(-4))/((-6)/16). Let h be t(i). Suppose -5*n - 36 = -h*n. What is the tens digit of n?
1
Let s = -2397 + 3505. What is the thousands digit of s?
1
Let o(l) = -l**3 + l**2 + 15. Let s be o(0). What is the tens digit of (9 + s)*10/6?
4
Suppose 0 = 10*o - 32716 - 314. What is the units digit of o?
3
Suppose -o - 2*o = -63. Let y(x) = x**2 + 2*x - 1. Let q be y(-6). Suppose -q = -2*z + o. What is the tens digit of z?
2
Suppose 4*n + 21 = n - 4*v, -16 = 2*n + 2*v. Let s(r) = -14*r + 31. What is the hundreds digit of s(n)?
1
Let w(o) = o**2 - 11*o + 27. What is the tens digit of w(-16)?
5
Suppose -13 = -4*x + 7. Suppose 5*u = -2*v + 163, 2*v + v - x*u - 282 = 0. What is the tens digit of v?
8
Let m(v) = 51*v - 24. Let g be m(6). Suppose -g = -18*z + 16*z. What is the hundreds digit of z?
1
Let a = 549 - 530. What is the units digit of a?
9
Suppose -2*d + 18 = -4*n, 0 = d + 2*n - 3 + 2. Suppose d*y = 527 - 7. What is the units digit of y?
4
Let t = 65 + 41. Suppose -t = -6*r + 68. What is the units digit of r?
9
Let c = 464 - 158. What is the tens digit of c?
0
Let w = 83 - 65. Let a = 19 + w. What is the tens digit of a?
3
Let n(b) be the third derivative of 43*b**5/30 - b**4/6 - b**3/3 - 2*b**2. What is the units digit of n(-1)?
8
Let k = -436 - -1329. What is the units digit of k?
3
Suppose -84*c = -88*c + 2900. What is the tens digit of c?
2
Let v(i) be the third derivative of 0*i + 9*i**2 + 0 - 5/12*i**4 - 7/6*i**3. What is the tens digit of v(-4)?
3
Let i be (0 + 3)/((-45)/(-120)). Suppose -d + 336 = 5*z, -i*z - 6 = -5*z. What is the units digit of d?
6
Suppose -h + 1967 = 3*c - 1413, 2*c - 2254 = -h. What is the thousands digit of c?
1
Let i be (4/(-5))/(-2) - 277/5. Let q = 156 + i. What is the hundreds digit of q?
1
Suppose -a + 6 = -o, o = -3*a - 3 + 1. Let i(q) be the second derivative of q**4/6 + 5*q**3/6 + 2*q**2 - 6*q. What is the tens digit of i(o)?
2
Suppose 3*d - d + 21 = 3*o, 5*o + 3*d = 16. Suppose 3*n + 2*y - 397 = 0, 2*y + 25 = -o*n + 680. What is the tens digit of n?
2
Let w(c) = 6*c**2 - 39*c + 53. What is the hundreds digit of w(16)?
9
Let o(d) be the third derivative of 0*d + 8*d**2 - 35/24*d**4 - 1/6*d**3 + 0. What is the units digit of o(-1)?
4
Let w(j) = j**3 - j**2 + j. Let p(t) = 7 - 9*t**2 - 8 + 3*t**2 + 5*t**3. Let r(n) = p(n) - 4*w(n). What is the units digit of r(4)?
5
Let b be (-9)/(6/2) - (13 - 18). What is the hundreds digit of (-6220)/(-25) - b/(-10)?
2
Let z be -1 - ((-20)/4 - 1). Let k(n) = 12*n - 5. What is the tens digit of k(z)?
5
Let d = 6270 - 2751. What is the hundreds digit of d?
5
What is the tens digit of (2936/16 - -1) + 2/4?
8
Let q(r) = -r + 570. What is the hundreds digit of q(35)?
5
Suppose -8 = -z + 3*z, 2*t + 5*z - 1024 = 0. What is the units digit of t?
2
Let i = 95 + -13. Suppose -2 - i = -4*t. What is the tens digit of t?
2
Let f(v) = -v**2 - 23*v + 36. Suppose -18 - 28 = 2*y. What is the units digit of f(y)?
6
Suppose h - 7 = -9. What is the units digit of -5 - -144 - (h - -1)?
0
Let o(s) = -s**2 + 18*s - 6. Let l be o(15). What is the units digit of 332*-1*(l/(-12) + 3)?
3
Let i = -2 + 1. Let t(j) be the third derivative of -4*j**4/3 - 29*j**2. What is the units digit of t(i)?
2
Let a = 562 + -212. Suppose 0 = -l + 3*w + 68, 0 = 5*l + 3*w - a - 44. What is the units digit of l?
7
Let f = -59 - -42. Let n(c) = -c. Let u be n(f). Suppose 0 = 3*m - u - 28. What is the tens digit of m?
1
Let r(y) = y + 7. Suppose -2*t - 296 = -10*t. Suppose 4*o - 2*o = -3*z + t, 2*z = -o + 21. What is the units digit of r(o)?
8
Suppose -4*s + 2*w = -24, -s - 2*w - 6 = -2*s. Let f(x) = -x**2 + 11*x + 4. Let l be f(s). What is the units digit of (-14 + 13)*l/(-2)?
7
Suppose 6*k = 28*k - 12386. What is the tens digit of k?
6
Suppose -2*a + 1166 = 5*t, 3*a + 561 = 5*t - 590. What is the tens digit of t?
3
Suppose -16*v - 514 = -18*v. What is the hundreds digit of v?
2
Let g(b) = b + 1. Let y be g(-3). Let f be ((y - 0) + 1)*-2. Suppose f*u + 6 = 3*u. What is the units digit of u?
6
What is the units digit of (-8)/20*(-3 - -3 - 780)?
2
Let r be ((-48)/(-36))/((-4)/(-6)). Suppose 3*o - 105 = 5*w, -r*w + 170 = 4*o + 30. What is the tens digit of o?
3
Let i(d) = d**3 + 8*d**2 + d - 2. Let g be i(-7). Suppose -g = -3*h + 4*h. What is the units digit of 24/10 + 16/h?
2
Let h be (6/(-8))/(14/(-56)). Suppose 2*q - 401 = -h*f, 4*f = 6*q - 2*q + 528. What is the units digit of f?
3
Let o(l) = 48*l**2 - 11*l - 26. What is the units digit of o(-5)?
9
Let g(x) = -x**3 + 9*x + 2. Let w be g(-3). Suppose -s - 5 = -w*f - 29, -4 = -2*f. What is the tens digit of s?
2
Suppose -2*l = -4*p - 9610, 10*l + 3*p = 6*l + 19264. What is the units digit of l?
3
Let y(p) = -p**3 + 3*p**2 + p + 2. Let h be y(4). Let j = h - -10. What is the units digit of 15 + j + (-2 - 1)?
2
Let v be ((-4)/(-12))/(1/(-6)). Let y be 3 - 4 - 16/v. Suppose -d = -2*d + y. What is the units digit of d?
7
Let s(k) = -k**2 + 6*k + 2. Let b be s(7). Let w = -59 + b. Let r = -26 - w. What is the units digit of r?
8
Let n = -97 - -2033. What is the tens digit of n?
3
Suppose 5499 = 13*o - 4*o. What is the tens digit of o?
1
Let m(q) = 2*q - q - 3*q + 18*q**2 - 2 - q. Let x be m(-2). Suppose 0*u - 80 = -3*v + 2*u, -4*v - 5*u + x = 0. What is the tens digit of v?
2
Suppose 5*p + 6*v = 3*v + 90, -4*v = -p + 18. Let i = p + -49. Let a = i + 92. What is the tens digit of a?
6
Let a(l) = -l + 10. Let j be a(-8). Let r = 36 - j. Let h = r - 5. What is the units digit of h?
3
Suppose 0 = 60*p - 45*p - 12855. What is the units digit of p?
7
Suppose 5 + 11 = t - 4*v, 0 = -4*t + 5*v + 31. Suppose -2*c + t*c = 0. Suppose c = 2*o - 3*o + 27. What is the units digit of o?
7
Suppose -p + 5 = 115. Let d = 190 + p. Suppose 4*f + 0*f - d = 0. What is the units digit of f?
0
Suppose -570 = 6*d - 17136. What is the hundreds digit of d?
7
Suppose 5*f - 94 = 4*s, 3*s = -s - f - 82. Let k = s - -171. What is the units digit of k?
0
Suppose 21*q - u - 85 = 18*q, -u + 50 = 2*q. What is the units digit of q?
7
L